Calculate the remainder when 3314 is divided by 76.
46
What is the remainder when 313455 is divided by 176?
175
What is the remainder when 2969 is divided by 625?
469
Calculate the remainder when 299831 is divided by 68.
19
Calculate the remainder when 30065 is divided by 501.
5
What is the remainder when 25362 is divided by 379?
348
Calculate the remainder when 111067 is divided by 1057.
82
Calculate the remainder when 161554 is divided by 261.
256
What is the remainder when 477 is divided by 145?
42
Calculate the remainder when 1554 is divided by 296.
74
What is the remainder when 19280 is divided by 1021?
902
What is the remainder when 169509 is divided by 169469?
40
What is the remainder when 24752 is divided by 35?
7
Calculate the remainder when 3408 is divided by 122.
114
What is the remainder when 23083 is divided by 1?
0
What is the remainder when 10564 is divided by 10545?
19
Calculate the remainder when 495228 is divided by 64.
60
What is the remainder when 2492 is divided by 96?
92
Calculate the remainder when 5767 is divided by 10.
7
What is the remainder when 369247 is divided by 468?
463
What is the remainder when 114121 is divided by 86?
85
Calculate the remainder when 23410 is divided by 80.
50
Calculate the remainder when 1209424 is divided by 77.
62
What is the remainder when 5744 is divided by 381?
29
Calculate the remainder when 396879 is divided by 44.
43
Calculate the remainder when 13585 is divided by 565.
25
Calculate the remainder when 83032 is divided by 856.
0
Calculate the remainder when 80421 is divided by 40198.
25
What is the remainder when 19554 is divided by 6495?
69
What is the remainder when 524 is divided by 40?
4
What is the remainder when 210 is divided by 129?
81
Calculate the remainder when 35553 is divided by 37.
33
What is the remainder when 6503 is divided by 1080?
23
What is the remainder when 23538 is divided by 1022?
32
Calculate the remainder when 31130 is divided by 1622.
312
What is the remainder when 19488277 is divided by 20?
17
Calculate the remainder when 7836 is divided by 436.
424
Calculate the remainder when 2709 is divided by 902.
3
Calculate the remainder when 551911 is divided by 3655.
6
Calculate the remainder when 2684 is divided by 1107.
470
Calculate the remainder when 988 is divided by 91.
78
What is the remainder when 89022 is divided by 1820?
1662
Calculate the remainder when 15755 is divided by 533.
298
What is the remainder when 2125 is divided by 41?
34
What is the remainder when 2850 is divided by 449?
156
Calculate the remainder when 4392 is divided by 39.
24
Calculate the remainder when 56588 is divided by 913.
895
What is the remainder when 792746 is divided by 114?
104
Calculate the remainder when 48786 is divided by 205.
201
Calculate the remainder when 62964 is divided by 49.
48
What is the remainder when 10341 is divided by 35?
16
Calculate the remainder when 5618 is divided by 556.
58
What is the remainder when 27712 is divided by 164?
160
What is the remainder when 2344 is divided by 66?
34
What is the remainder when 396918 is divided by 132306?
0
What is the remainder when 12473 is divided by 160?
153
What is the remainder when 3645 is divided by 605?
15
Calculate the remainder when 5059 is divided by 1185.
319
What is the remainder when 4067 is divided by 21?
14
What is the remainder when 873 is divided by 393?
87
What is the remainder when 46137 is divided by 23062?
13
What is the remainder when 81295 is divided by 100?
95
Calculate the remainder when 9933 is divided by 3104.
621
Calculate the remainder when 393 is divided by 4.
1
What is the remainder when 4587 is divided by 100?
87
Calculate the remainder when 65217 is divided by 30.
27
Calculate the remainder when 164312 is divided by 557.
554
Calculate the remainder when 411763 is divided by 3294.
13
Calculate the remainder when 5613 is divided by 381.
279
Calculate the remainder when 37032 is divided by 5.
2
What is the remainder when 43907 is divided by 4?
3
Calculate the remainder when 4711 is divided by 38.
37
What is the remainder when 9856 is divided by 44?
0
What is the remainder when 6116 is divided by 118?
98
Calculate the remainder when 570449 is divided by 75.
74
Calculate the remainder when 7890 is divided by 95.
5
Calculate the remainder when 1833 is divided by 34.
31
Calculate the remainder when 2623 is divided by 140.
103
Calculate the remainder when 48325 is divided by 16083.
76
What is the remainder when 3972 is divided by 56?
52
Calculate the remainder when 167552 is divided by 114.
86
Calculate the remainder when 130783 is divided by 2012.
3
What is the remainder when 14636 is divided by 3635?
96
Calculate the remainder when 1703 is divided by 166.
43
Calculate the remainder when 291580 is divided by 273.
16
What is the remainder when 4930 is divided by 55?
35
What is the remainder when 18276 is divided by 26?
24
Calculate the remainder when 77846 is divided by 469.
461
Calculate the remainder when 72115 is divided by 4006.
7
Calculate the remainder when 16068 is divided by 518.
10
Calculate the remainder when 25561 is divided by 188.
181
Calculate the remainder when 13887 is divided by 347.
7
What is the remainder when 4559 is divided by 379?
11
Calculate the remainder when 184226 is divided by 96.
2
Calculate the remainder when 4410 is divided by 75.
60
Calculate the remainder when 8019 is divided by 250.
19
What is the remainder when 992 is divided by 12?
8
What is the remainder when 788 is divided by 692?
96
What is the remainder when 35640 is divided by 17797?
46
What is the remainder when 379342 is divided by 150?
142
What is the remainder when 37843 is divided by 152?
147
Calculate the remainder when 23742 is divided by 306.
180
What is the remainder when 9807 is divided by 1089?
6
Calculate the remainder when 1434523 is divided by 283.
279
Calculate the remainder when 1196 is divided by 765.
431
Calculate the remainder when 13958 is divided by 19.
12
Calculate the remainder when 5316 is divided by 89.
65
Calculate the remainder when 143684 is divided by 23947.
2
What is the remainder when 3646 is divided by 891?
82
What is the remainder when 52126 is divided by 28?
18
Calculate the remainder when 37063 is divided by 537.
10
Calculate the remainder when 96914 is divided by 268.
166
What is the remainder when 516803 is divided by 318?
53
Calculate the remainder when 4687 is divided by 47.
34
What is the remainder when 439645 is divided by 101?
93
What is the remainder when 75695 is divided by 249?
248
What is the remainder when 748 is divided by 746?
2
What is the remainder when 2951 is divided by 829?
464
Calculate the remainder when 4949 is divided by 88.
21
Calculate the remainder when 280578 is divided by 2574.
12
Calculate the remainder when 24471 is divided by 4077.
9
What is the remainder when 297656 is divided by 3?
2
What is the remainder when 101638 is divided by 77?
75
What is the remainder when 39046 is divided by 1635?
1441
What is the remainder when 584664 is divided by 1740?
24
What is the remainder when 23748 is divided by 187?
186
What is the remainder when 72183 is divided by 531?
498
Calculate the remainder when 3695 is divided by 90.
5
Calculate the remainder when 34659 is divided by 145.
4
Calculate the remainder when 6389 is divided by 689.
188
What is the remainder when 6784 is divided by 2?
0
What is the remainder when 39689 is divided by 128?
9
Calculate the remainder when 25730 is divided by 444.
422
What is the remainder when 19688 is divided by 9715?
258
What is the remainder when 35416 is divided by 31?
14
What is the remainder when 4987 is divided by 104?
99
Calculate the remainder when 41983 is divided by 4664.
7
Calculate the remainder when 46246 is divided by 23113.
20
What is the remainder when 1258 is divided by 402?
52
What is the remainder when 79715 is divided by 52?
51
What is the remainder when 138158 is divided by 173?
104
What is the remainder when 10976 is divided by 60?
56
What is the remainder when 7603 is divided by 551?
440
Calculate the remainder when 72885 is divided by 124.
97
What is the remainder when 8499 is divided by 204?
135
What is the remainder when 136335 is divided by 802?
797
Calculate the remainder when 32417 is divide